ose a = -16*g + 9114 + 46166. Is g a composite number?
True
Is ((-10)/(240/(-916302)))/(1/4) a prime number?
True
Let t(x) = -x**2 - 8*x - 7. Let b be t(-6). Let i(j) = -61*j + 3839. Let s be i(63). Is 1986*(b/s)/(55/(-22)) a composite number?
True
Is ((-14896)/6 - 1)/(6 - 133/21) composite?
False
Let d = 486 + -505. Let j(r) = 17*r**2 + 14*r - 22. Is j(d) composite?
False
Is (-2)/(((-3)/66567)/(((-9)/6)/(-3))) composite?
False
Let b(l) = 174*l**2 - 69*l + 569. Is b(40) prime?
True
Let l be (-2 - -2 - -3) + 9*3. Suppose 0 = -l*h + 36*h - 30426. Is h prime?
False
Let i = -190 + -178. Let y be 36/120 + 24786/(-20). Let w = i - y. Is w prime?
False
Suppose -8485 = -7*q + 2834. Let c = 2988 - q. Is c prime?
False
Is 128582 + 8 + 5/5 composite?
False
Suppose 59*m - 42520276 + 16379913 = 0. Is m a composite number?
False
Suppose 4*b - 10*b + 30 = 0. Suppose -b*u = -4*n - 12, 0*u + u - 9 = 3*n. Is (-1)/(n/2331*3) composite?
True
Let l(t) = 267*t**3 + 3*t**2 - 7*t - 5. Let v(w) = -133*w**3 - 2*w**2 + 4*w + 3. Let f(i) = -4*l(i) - 7*v(i). Let g be f(1). Let j = -83 - g. Is j composite?
False
Let q(y) = 11*y - 116. Let h be q(5). Let x = 182 + h. Is x prime?
False
Suppose -5*l + 61010 = b, -5*l + 3*b = -6*l + 12188. Suppose m - 1020 - 796 = -3*k, -2*k + 1204 = -m. Suppose -l + k = -7*d. Is d prime?
True
Let z(q) = -9458*q**3 - 2*q**2 + 40*q + 155. Is z(-3) a composite number?
False
Let k(u) = -585*u**3 - 15*u**2 + 20*u + 44. Is k(-9) a prime number?
False
Let t be (-12)/(-3)*-12*(-600 + 4). Suppose 7*s - t = 8443. Is s a prime number?
False
Let u(q) be the first derivative of 315*q**2/2 + 48*q - 81. Let s be ((-9)/(-6))/((-9)/(-30)). Is u(s) prime?
False
Suppose -6491 = 4*u - 339. Let q = u - -2439. Is q prime?
False
Suppose -2 = -3*g - 2*b, 5*b + 1 = 3*g - 36. Suppose g*l - 156810 = -6*l. Is l a prime number?
False
Let g = 53 + -50. Suppose g*j + 50 = 8*j. Suppose -j = 5*h - 0, 2*a - 4*h = 802. Is a composite?
False
Let n be (4 - (-1 - -2)) + (-14735 - -5). Is (n/(-6))/(2/4) a prime number?
True
Let w be 0 + -3 + (-1481)/(-1). Let z = w + -853. Suppose -427 - z = -4*k. Is k a composite number?
False
Suppose -9*d = -38 - 25. Suppose -9*b - 10600 = -d*b. Is ((6/2)/(-6))/(10/b) a composite number?
True
Suppose b - 419 = 208. Let i = 3925 + -1669. Suppose 3*c - 5*w = i - 382, -c = -4*w - b. Is c composite?
True
Suppose 3*d + 2*o - 993535 = 0, -4*d + 1324732 = -0*d - 2*o. Is d a composite number?
True
Let f(j) = 7*j + 5*j**3 - 14 + j**3 - j**2 + 5*j**2 + 4*j**2. Let p = 49 - 40. Is f(p) prime?
False
Is (-146263170)/(-25) + ((-18)/45)/(-2) a prime number?
True
Suppose -t = 2, 5*p = -3*t + 4228182 + 511552. Suppose -19*s + p = 19*s. Is s composite?
True
Let s(i) = -i**3 - 6*i**2 + 11*i + 15. Suppose -8*k + 245 = -k. Let u = k + -43. Is s(u) a prime number?
False
Let g(w) = 189*w**3 - 9*w**2 + 29*w - 73. Is g(6) a composite number?
True
Let m = 46806 - 3173. Is m a composite number?
False
Suppose 6*k = 4*k - 12. Let h(w) = 3*w**2 - w - 34. Let p(q) = q**2 - q - 17. Let x(z) = 4*h(z) - 9*p(z). Is x(k) a composite number?
True
Suppose -5*w + 163313 = -627*z + 631*z, z = -4*w + 40842. Is z a composite number?
True
Suppose 18*n - 197001 - 1174478 = 11767. Is n a prime number?
True
Let a = 171 - 864. Suppose -11 = -w - 7, -5*w = 5*m + 660. Let t = m - a. Is t composite?
False
Let m = 65073 - -301620. Is m a prime number?
False
Is 10/((-120)/132) - -11530 composite?
False
Let k(c) = 2562*c - 3365. Is k(42) a composite number?
False
Let p(u) = u**2 - u. Let j(v) = -2*v**3 - v**2 + 5*v - 1. Let g(w) = -j(w) - 5*p(w). Let m be g(2). Is (6919/74)/((-2)/4 + m) a prime number?
False
Let y(v) = -v**2 + 4*v + 21. Let t be y(6). Suppose -t*a + 62988 = 3*a. Is a composite?
True
Suppose 0 = -9*x + 10*x + 4. Let m(j) = -6*j**2 - 2*j + 3. Let b(o) = 5*o**2 + 2*o - 2. Let c(q) = x*b(q) - 5*m(q). Is c(5) prime?
False
Let o = -26 - -100. Let s be 0/(-3) - 60*-1. Suppose -s - o = -2*i. Is i a prime number?
True
Let u be (-214364)/(-7)*(-14)/(-4). Suppose 2*c + 3*b = 71440, -3*c = -10*b + 9*b - u. Is c prime?
False
Let y be 2/((-6)/61326*-1). Is (4 - y)/((-8)/4) a composite number?
True
Suppose -8 = 4*z, 0*s + 2*z + 32081 = -s. Let p = s - -50370. Is p a prime number?
False
Suppose 4*b - 4*u = 161804, 15*b + 2*u = 13*b + 80910. Is b a prime number?
False
Let w be (-2)/(-1) + (-2 - (2 + 0)). Let i be ((-1105)/(-39))/(w/(-12)). Suppose -4*f + 3*h = -665, -f - 5*h + 2*h + i = 0. Is f prime?
True
Let s(l) = -l**3 - 3*l**2 - 4*l - 7. Let t be s(-3). Suppose -11 - 39 = t*q. Let z(p) = p**3 + 14*p**2 + 2*p + 23. Is z(q) prime?
False
Let n = 40 + -38. Suppose -n*t - 9326 = -256. Let f = -2374 - t. Is f composite?
False
Let l(h) = -5*h**2 - 17*h + 1. Let s(u) = -9*u**2 - 33*u + 2. Let n(t) = 7*l(t) - 4*s(t). Let b = 51 - 27. Is n(b) a prime number?
True
Let d be 1/(215/(-1930)*-18 + -2). Let q = d - -540. Is q composite?
False
Let d(n) = 25 + 350*n - 132*n - 4. Is d(5) prime?
False
Suppose 3*s + 14*s - 9125 + 1560 = 0. Is s a prime number?
False
Suppose 0 = 6*k + 12*k - 188676. Is -3 + k/(-18)*-6 a prime number?
True
Let z(g) = -3*g + 65. Let a be z(20). Suppose -4318 = -5*b + 2*y, -451 - 2115 = -3*b - a*y. Is b a prime number?
False
Let l be ((-3)/(-4) - 1)/(17/68). Let d be (12/(-18))/(l/3). Suppose d*o - 26050 = -8*o. Is o a composite number?
True
Let d = -25 - -22. Let u(t) = 2*t + 10. Let s be u(d). Suppose s*p = 3964 + 1672. Is p composite?
False
Let o(m) = 14*m**2 + 7. Let z(i) = 13*i**2 + i + 8. Let a(v) = -4*o(v) + 3*z(v). Let b be a(3). Let t = 255 - b. Is t composite?
True
Is (-72)/132*(-270730053)/81 a prime number?
False
Suppose -599228 - 2270603 = -13*a + 759600. Is a a composite number?
False
Suppose -11*m - 12*m + 170108 = 0. Let f = -1125 + m. Is f prime?
True
Let w(b) = -b**2 - 3*b + 2. Let i be w(-2). Let a be (4 - (-20)/(-5))/(i/(-2)). Is 3/(-9) - (2152/(-12) - a) prime?
True
Let b(f) = -f**3 + 15*f**2 + 56*f + 1. Let a = 9 + 9. Is b(a) composite?
False
Let a(z) = 108*z**2 - 13*z - 45. Let k be a(-3). Suppose -4*m + k = 2*c, 20*m - 481 = -c + 17*m. Is c a composite number?
False
Let l(s) = -48*s**2 - 11*s + 6. Let a(u) = -49*u**2 - 10*u + 5. Let o(f) = -7*a(f) + 6*l(f). Suppose 0 = -7*h - 13 - 15. Is o(h) a composite number?
True
Suppose 7*i = 3*i + 520. Let p be (i/52)/((-2)/(-4)). Is (p + -7)*1366/(-4) composite?
False
Suppose 0 = -9*k + 5*k + 40. Suppose -c = -2*w + 3*c + 8, 2*w + 2*c + k = 0. Is -449*(6/(-2) - w) a composite number?
False
Let i(u) = 1 + 79*u + 3 + 290*u - 17 + 8. Let o be 6/15*-1*-5. Is i(o) a composite number?
False
Suppose 3 = 2*h - 3*z, -3*z - 68 = 5*h - 86. Suppose h*v + 24*c - 21*c = 52851, -4*c = 2*v - 35234. Is v composite?
True
Suppose -5*l - 1 + 7 = 3*q, -l = q - 2. Suppose 16034 - 1833 = 3*d - 5*i, 23627 = 5*d + q*i. Is d a composite number?
True
Suppose -1117*g = -1109*g - 52232. Is g a composite number?
False
Suppose 2186*y = 2197*y - 1572329. Is y prime?
True
Let g(c) = -18*c**2 + 10*c - 10. Let k be g(4). Let w = 516 - k. Suppose u - 3*f - 1563 = -u, 3*f = u - w. Is u prime?
False
Suppose -4*a + 11141 = -3879. Is a prime?
False
Suppose 0 = m - 3*d - 637, -d + 357 = m - 272. Suppose p + 5*w - 6*w = 634, -2*w = p - m. Suppose 2*g + p = l, -3*l - 5*g + 0*g = -1888. Is l composite?
False
Suppose 4*t = -4*o + 4, 0 = 2*o + t + 3*t + 6. Let g(j) = j**2 + 14*j + 10. Let i be g(11). Suppose 2*q - 3*q + 53 = z, -o*q + i = z. Is q composite?
True
Let l be (-2)/5 + (-23)/5. Let v(u) = -67 - 47*u - 42 + 131. Is v(l) prime?
True
Let c = -461415 + 792892. Is c a prime number?
False
Suppose h + c = 1, h - 14 = 4*c + 2. Suppose -h*f + 1634 = -4410. Is f composite?
False
Let s = -74 + 154. Let j = s - 79. Let a(t) = 255*t**3 + t**2 - 3*t + 1. Is a(j) prime?
False
Suppose -4*s + 2*s + 3*l = -1198, 2*s - 1184 = -4*l. Suppose -26*q - s = -28*q. Is q prime?
False
Let n = -122 - -117. Let z(q) = -2*q**3 - q**2 + 2*q + 6. Is z(n) composite?
True
Let a = -165 + 168. Suppose -d + 5190 + 1288 = -5*y, d - a*y - 6480 = 0. Is d a prime number?
False
Let t = -133 - -307. Let b = 313 + t. Is b composite?
False
Suppose 25 = 5*j + n + 13, -2*j + n = -9. Suppose -3*b = 5*r + 2*b - 12650, -5*r = -j*b - 12658. Is r a composite number?
False
Let v(y) = -30*y - 8 + 3 + y*